13, what is -2 - 2c2c6?
-2c2c8
In base 5, what is -303 - -1324?
1021
In base 16, what is -390e7 + -1?
-390e8
In base 3, what is -12 - 10002120110?
-10002120122
In base 16, what is 173 + 940?
ab3
In base 4, what is 2200223 + -120?
2200103
In base 5, what is 1110 + 3211?
4321
In base 8, what is -1 + 257356?
257355
In base 3, what is 2212222112 + -10?
2212222102
In base 7, what is 34 + -425423?
-425356
In base 7, what is -32 - 50103?
-50135
In base 13, what is 1a - -14c9?
1516
In base 2, what is 101011001 + -100101101010?
-100000010001
In base 2, what is -110101111010011 - 11100?
-110101111101111
In base 16, what is 7b + -2b9?
-23e
In base 13, what is 88674 - -3?
88677
In base 16, what is 1 - 154c24?
-154c23
In base 7, what is 0 - -6051543?
6051543
In base 14, what is 263 - -938?
b9b
In base 8, what is -542 - -323?
-217
In base 8, what is 104 - 2422?
-2316
In base 6, what is 13421434 + -4?
13421430
In base 11, what is 2599 + 4a?
2638
In base 9, what is -3 + 235781?
235777
In base 9, what is -6 - 11623?
-11630
In base 8, what is 62 + 26241?
26323
In base 8, what is 7 + 1221121?
1221130
In base 15, what is 4 + -54ed?
-54e9
In base 5, what is 12402 + -234?
12113
In base 2, what is 1 + 10101011110101100?
10101011110101101
In base 4, what is 2 - 101022121?
-101022113
In base 3, what is 110210012001 - -101?
110210012102
In base 3, what is 100102022 - 2011?
100100011
In base 15, what is 5aab + 14?
5ac0
In base 2, what is -11101 - -11100101111?
11100010010
In base 13, what is 41a2 + 0?
41a2
In base 16, what is 1 - -15ad?
15ae
In base 6, what is -355 - 104051?
-104450
In base 16, what is -13df - -1d?
-13c2
In base 13, what is 2a65 - -c?
2a74
In base 7, what is -6 + 13?
4
In base 12, what is 93 - 587?
-4b4
In base 12, what is 2694 - -5?
2699
In base 5, what is -444 + 20300?
14301
In base 6, what is -234 - -15544?
15310
In base 5, what is -133 + -111131?
-111314
In base 13, what is 122 + -9a86?
-9964
In base 6, what is 143312 + -100?
143212
In base 5, what is 11001 - 133?
10313
In base 13, what is 0 - 3bc4a?
-3bc4a
In base 10, what is -5 - 78694?
-78699
In base 11, what is -9565 + -13?
-9578
In base 10, what is -5 - -391332?
391327
In base 4, what is 3233330 + 103?
3300033
In base 11, what is 3aaaaa - -5?
400004
In base 7, what is 14 - -4021?
4035
In base 9, what is 7180 + -4?
7175
In base 12, what is 921b20 + 3?
921b23
In base 10, what is 4 - -9749?
9753
In base 11, what is -473 - 99?
-561
In base 12, what is -2a + -8388?
-83b6
In base 9, what is -25168 - -3?
-25165
In base 7, what is 16206 + -1?
16205
In base 14, what is -11 - -340?
32d
In base 11, what is -a42 - 11?
-a53
In base 5, what is -1121401 - 1?
-1121402
In base 14, what is -78 - 2a?
-a4
In base 11, what is -11a6 + 54?
-1152
In base 2, what is 101 + 110001011111111?
110001100000100
In base 13, what is 5 - -5500?
5505
In base 7, what is 23 + -46?
-23
In base 7, what is 0 - 100206?
-100206
In base 10, what is 19638 + 1?
19639
In base 8, what is 0 - 2504166?
-2504166
In base 6, what is 3 + -33412?
-33405
In base 3, what is -200210 - 12011000?
-12211210
In base 8, what is 10 + -15305?
-15275
In base 6, what is 555210 + -15?
555151
In base 8, what is 5534 + -127?
5405
In base 16, what is ef + -30?
bf
In base 10, what is -5 + 275049?
275044
In base 12, what is -226ab7 - 3?
-226aba
In base 11, what is 3501434 - 5?
350142a
In base 9, what is 1841 + -60?
1771
In base 16, what is -3 + 3342?
333f
In base 5, what is 342 + -2333?
-1441
In base 8, what is 140 - 100?
40
In base 12, what is -2b3357 + 0?
-2b3357
In base 12, what is -142995 + -2?
-142997
In base 10, what is 3978 + -8?
3970
In base 6, what is 31523 + -1?
31522
In base 3, what is -1 - -10200010?
10200002
In base 3, what is -1001210122 - 2?
-1001210201
In base 2, what is 1011111100010100000110 - 1?
1011111100010100000101
In base 16, what is -2 + -152c?
-152e
In base 6, what is 20 + 25545?
30005
In base 8, what is -1 + -160031?
-160032
In base 12, what is b343a - -2?
b3440
In base 2, what is -101111001111 - 10010?
-101111100001
In base 14, what is 114319 + 3?
11431c
In base 3, what is 11021 - -1011111?
1022202
In base 16, what is 22a - d?
21d
In base 15, what is -302a4 - 5?
-302a9
In base 3, what is -11020201 - -10?
-11020121
In base 5, what is 2114 + 0?
2114
In base 5, what is 104221322 + 4?
104221331
In base 15, what is -25 + -c59?
-c7e
In base 5, what is -2 + 1301324?
1301322
In base 12, what is 2 - -29232?
29234
In base 16, what is -3 + b6f89?
b6f86
In base 16, what is -2c - 11ae9?
-11b15
In base 10, what is 163 - 68?
95
In base 16, what is 4 + -3dc1?
-3dbd
In base 8, what is -46404107 + 3?
-46404104
In base 10, what is -196 + 46?
-150
In base 13, what is -11 - 4759c?
-475b0
In base 5, what is -2 + 1104231?
1104224
In base 8, what is 3051 - 56?
2773
In base 16, what is -17bd + 54?
-1769
In base 12, what is -294708 + -4?
-294710
In base 16, what is -136 - -b?
-12b
In base 3, what is -221101 - -1210?
-212121
In base 4, what is 11 - -2100021101?
2100021112
In base 4, what is -22010322 + -122?
-22011110
In base 11, what is 173 - 7?
167
In base 3, what is 120 - -12120201?
12121021
In base 10, what is 0 - 15425?
-15425
In base 9, what is -4 + 224888?
224884
In base 8, what is -74237 - -34?
-74203
In base 3, what is -10102 + 1100220?
1020111
In base 4, what is -1 - -322322212?
322322211
In base 11, what is 3 - 1a4461?
-1a4459
In base 14, what is 36772 + 9?
3677b
In base 8, what is -252 - 1244?
-1516
In base 15, what is 0 - -1131c?
1131c
In base 10, what is -3 + 170025?
170022
In base 7, what is 13422230 - -5?
13422235
In base 13, what is -76c68 + 18?
-76c50
In base 12, what is 22 + -1224b?
-12229
In base 9, what is 84723 - -31?
84754
In base 8, what is 1277 - -17?
1316
In base 15, what is -1e14 + -3d?
-1e52
In base 13, what is -a + -33751?
-3375b
In base 3, what is -1211002021 - -11?
-1211002010
In base 7, what is 12 + -460?
-445
In base 8, what is 22 + -1431?
-1407
In base 6, what is 5225 + -15123?
-5454
In base 6, what is -4 + 15202304?
15202300
In base 5, what is -21142 + 231?
-20411
In base 15, what is 14d + 1b74?
1cc2
In base 11, what is 23 - -240?
263
In base 5, what is 21112240 + 4?
21112244
In base 13, what is -44 + -25b?
-2a2
In base 2, what is 100001101101110 - 1100001?
100001100001101
In base 16, what is -1ed791 + 2?
-1ed78f
In base 6, what is 4 - -31540?
31544
In base 14, what is d9c - 256?
b46
In base 15, what is -e - -66bd?
66ae
In base 6, what is -41 - 1332001?
-1332042
In base 7, what is 261646 - 2?
261644
In base 2, what is 110 + 111100001010?
111100010000
In base 13, what is b42 + -2a?
b15
In base 10, what is 160 + -137?
23
In base 10, what is -29 + -4815?
-4844
In base 15, what is -212d + -4a?
-2178
In base 5, what is 103003114 - 3?
103003111
In base 7, what is -25 - 1626?
-1654
In base 6, what is 3100425 - -1?
3100430
In base 14, what is -30d + 1a0?
-14d
In base 3, what is 1 - -112012102?
112012110
In base 15, what is 3 - -1c5c6?
1c5c9
In base 9, what is 11441 + -11?
11430
In base 8, what is -2137 + -1300?
-3437
In base 9, what is -1 - -761314?
761313
In base 13, what is -1 + 73b3?
73b2
In base 16, what is c + 53bf8?
53c04
In base 5, what is -24 + -20432?
-21011
In base 2, what is 10 + 100001010001100?
100001010001110
In base 14, what is 5116 + -14?
5102
In base 7, what is -10 + 105010?
105000
In base 5, what is 2 + -2221410?
-2221403
In base 10, what is 45062 + -2?
45060
In base 10, what is 113 + -9895?
-9782
In base 12, what is b13 - 120b?
-2b8
In base 10, what is 0 - -6950?
6950
In base 3, what is 12100 - -102220?
122020
In base 14, what is -188 + -15?
-19d
In base 16, what is -51c4 + -9?
-51cd
In base 9, what is 64 - -31411?
31475
In base 11, what is 18157 + 7?
18163
In base 3, what is -1012 + -2021122?
-2022211
In base 11, what is -13112 + -39?
-13150
In base 14, what is 1 + -5155?
-5154
In base 5, what is 403040314 - 4?
403040310
In base 9, what is -1472 - 1187?
-2670
In base 13, what is 153433 - -1?
153434
In base 14, what is 8 - -6076?
6080
In base 3, what is 102 + -100121101?
-100120222
In base 2, what is -1000011000100 + 10010?
-1000010110010
In base 14, what is 1 + -417?
-416
In base 7, what is -163 + -5230?
-5423
In base 8, what is 1176 + 62?
1260
In base 14, what is 9bb5 - -2?
9bb7
In base 8, what is 323700 + 3?
3237